{"id":25,"date":"2021-08-25T16:23:22","date_gmt":"2021-08-25T19:23:22","guid":{"rendered":"https:\/\/enertecs.com.br\/?page_id=25"},"modified":"2025-05-21T09:33:32","modified_gmt":"2025-05-21T12:33:32","slug":"geradores-de-energia","status":"publish","type":"page","link":"https:\/\/enertecs.com.br\/","title":{"rendered":"GERADORES DE ENERGIA"},"content":{"rendered":"<div class=\"slider-wrapper relative\" id=\"slider-1424912863\" style=\"background-color:rgb(0,0,0);\">\n    <div class=\"slider slider-nav-simple slider-nav-large slider-nav-light slider-style-normal\"\n        data-flickity-options='{\n            \"cellAlign\": \"center\",\n            \"imagesLoaded\": true,\n            \"lazyLoad\": 1,\n            \"freeScroll\": false,\n            \"wrapAround\": true,\n            \"autoPlay\": 4000,\n            \"pauseAutoPlayOnHover\" : false,\n            \"prevNextButtons\": true,\n            \"contain\" : true,\n            \"adaptiveHeight\" : true,\n            \"dragThreshold\" : 10,\n            \"percentPosition\": true,\n            \"pageDots\": false,\n            \"rightToLeft\": false,\n            \"draggable\": false,\n            \"selectedAttraction\": 0.1,\n            \"parallax\" : 0,\n            \"friction\": 0.6        }'\n        >\n        \n\n  <div class=\"banner has-hover has-video\" id=\"banner-66064617\">\n          <div class=\"banner-inner fill\">\n        <div class=\"banner-bg fill\" >\n            <div class=\"bg fill bg-fill \"><\/div>\n            \t<div class=\"video-overlay no-click fill visible\"><\/div>\n\t<video class=\"video-bg fill visible\" preload playsinline autoplay\n\t\tmuted\t\tloop>\n\t\t<source src=\"https:\/\/enertecs.com.br\/wp-content\/uploads\/2021\/08\/001-1.mp4\" type=\"video\/mp4\">\t<\/video>\n            <div class=\"overlay\"><\/div>            \n                    <\/div>\n        <div class=\"banner-layers container\">\n            <div class=\"fill banner-link\"><\/div>            \n   <div id=\"text-box-593269190\" class=\"text-box banner-layer x100 md-x100 lg-x100 y80 md-y80 lg-y80 res-text\">\n                                <div class=\"text-box-content text dark\">\n              \n              <div class=\"text-inner text-center\">\n                  \n\t<div id=\"text-3614001145\" class=\"text\">\n\t\t\n<p><span style=\"font-size: 55%;\">Muito mais confian\u00e7a para<\/span><br \/><span style=\"font-size: 130%; color: #f3ec37;\"><strong>sua casa.<\/strong><\/span><\/p>\n\t\t\n<style>\n#text-3614001145 {\n  font-size: 3.55rem;\n  line-height: 1.2;\n  text-align: right;\n}\n<\/style>\n\t<\/div>\n\t\n              <\/div>\n           <\/div>\n                            \n<style>\n#text-box-593269190 {\n  width: 58%;\n}\n#text-box-593269190 .text-box-content {\n  font-size: 100%;\n}\n<\/style>\n    <\/div>\n \n        <\/div>\n      <\/div>\n\n            \n<style>\n#banner-66064617 {\n  padding-top: 561px;\n}\n#banner-66064617 .overlay {\n  background-color: rgba(0, 0, 0, 0.628);\n}\n<\/style>\n  <\/div>\n\n\n\n  <div class=\"banner has-hover has-video\" id=\"banner-594750139\">\n          <div class=\"banner-inner fill\">\n        <div class=\"banner-bg fill\" >\n            <div class=\"bg fill bg-fill \"><\/div>\n            \t<div class=\"video-overlay no-click fill visible\"><\/div>\n\t<video class=\"video-bg fill visible\" preload playsinline autoplay\n\t\tmuted\t\tloop>\n\t\t<source src=\"https:\/\/enertecs.com.br\/wp-content\/uploads\/2021\/08\/Mall-Looping.mp4\" type=\"video\/mp4\">\t<\/video>\n            <div class=\"overlay\"><\/div>            \n                    <\/div>\n        <div class=\"banner-layers container\">\n            <div class=\"fill banner-link\"><\/div>            \n   <div id=\"text-box-1567117297\" class=\"text-box banner-layer x100 md-x100 lg-x100 y80 md-y80 lg-y80 res-text\">\n                                <div class=\"text-box-content text dark\">\n              \n              <div class=\"text-inner text-center\">\n                  \n\t<div id=\"text-2568152766\" class=\"text\">\n\t\t\n<p><span style=\"font-size: 55%;\">Muito mais confian\u00e7a para o seu<\/span><br \/><span style=\"font-size: 100%; color: #f3ec37;\"><strong>empreendimento.<\/strong><\/span><\/p>\n\t\t\n<style>\n#text-2568152766 {\n  font-size: 3.55rem;\n  line-height: 1.2;\n  text-align: right;\n}\n<\/style>\n\t<\/div>\n\t\n              <\/div>\n           <\/div>\n                            \n<style>\n#text-box-1567117297 {\n  width: 58%;\n}\n#text-box-1567117297 .text-box-content {\n  font-size: 100%;\n}\n<\/style>\n    <\/div>\n \n        <\/div>\n      <\/div>\n\n            \n<style>\n#banner-594750139 {\n  padding-top: 561px;\n}\n#banner-594750139 .overlay {\n  background-color: rgba(0, 0, 0, 0.628);\n}\n<\/style>\n  <\/div>\n\n\n\n  <div class=\"banner has-hover has-video\" id=\"banner-359923497\">\n          <div class=\"banner-inner fill\">\n        <div class=\"banner-bg fill\" >\n            <div class=\"bg fill bg-fill \"><\/div>\n            \t<div class=\"video-overlay no-click fill visible\"><\/div>\n\t<video class=\"video-bg fill visible\" preload playsinline autoplay\n\t\tmuted\t\tloop>\n\t\t<source src=\"https:\/\/enertecs.com.br\/wp-content\/uploads\/2021\/08\/agro.mp4\" type=\"video\/mp4\">\t<\/video>\n            <div class=\"overlay\"><\/div>            \n                    <\/div>\n        <div class=\"banner-layers container\">\n            <div class=\"fill banner-link\"><\/div>            \n   <div id=\"text-box-1193829511\" class=\"text-box banner-layer x100 md-x100 lg-x100 y80 md-y80 lg-y80 res-text\">\n                                <div class=\"text-box-content text dark\">\n              \n              <div class=\"text-inner text-center\">\n                  \n\t<div id=\"text-440961529\" class=\"text\">\n\t\t\n<p><span style=\"font-size: 55%;\">Muito mais confian\u00e7a para o<\/span><br \/><span style=\"font-size: 130%; color: #f3ec37;\"><strong>agroneg\u00f3cio.<\/strong><\/span><\/p>\n\t\t\n<style>\n#text-440961529 {\n  font-size: 3.55rem;\n  line-height: 1.2;\n  text-align: right;\n}\n<\/style>\n\t<\/div>\n\t\n              <\/div>\n           <\/div>\n                            \n<style>\n#text-box-1193829511 {\n  width: 58%;\n}\n#text-box-1193829511 .text-box-content {\n  font-size: 100%;\n}\n<\/style>\n    <\/div>\n \n        <\/div>\n      <\/div>\n\n            \n<style>\n#banner-359923497 {\n  padding-top: 561px;\n}\n#banner-359923497 .overlay {\n  background-color: rgba(0, 0, 0, 0.628);\n}\n<\/style>\n  <\/div>\n\n\n     <\/div>\n\n     <div class=\"loading-spin dark large centered\"><\/div>\n\n     \t<\/div>\n\n\n<div class=\"row\"  id=\"row-88629508\">\n\n\t<div id=\"col-1868738152\" class=\"col medium-8 small-12 large-8\"  data-animate=\"bounceInLeft\">\n\t\t\t\t<div class=\"col-inner\"  >\n\t\t\t\n\t\t\t\n\t<div class=\"img has-hover x md-x lg-x y md-y lg-y\" id=\"image_300111156\">\n\t\t\t\t\t\t\t\t<div class=\"img-inner dark\" style=\"margin:-400px 0px 0px 0px;\">\n\t\t\t<img loading=\"lazy\" decoding=\"async\" width=\"600\" height=\"405\" src=\"https:\/\/enertecs.com.br\/wp-content\/uploads\/2021\/08\/xgerador2.png.pagespeed.ic_.xHMusTzwLe.png\" class=\"attachment-original size-original\" alt=\"\" srcset=\"https:\/\/enertecs.com.br\/wp-content\/uploads\/2021\/08\/xgerador2.png.pagespeed.ic_.xHMusTzwLe.png 600w, https:\/\/enertecs.com.br\/wp-content\/uploads\/2021\/08\/xgerador2.png.pagespeed.ic_.xHMusTzwLe-300x203.png 300w\" sizes=\"auto, (max-width: 600px) 100vw, 600px\" \/>\t\t\t\t\t\t\n\t\t\t\t\t<\/div>\n\t\t\t\t\t\t\t\t\n<style>\n#image_300111156 {\n  width: 100%;\n}\n<\/style>\n\t<\/div>\n\t\n\t\t<\/div>\n\t\t\t\t\t<\/div>\n\n\t\n\n\t<div id=\"col-978850353\" class=\"col medium-4 small-12 large-4\"  data-animate=\"bounceInRight\">\n\t\t\t\t<div class=\"col-inner text-center\"  >\n\t\t\t\n\t\t\t\n\t<div class=\"img has-hover x md-x lg-x y md-y lg-y\" id=\"image_2049590641\">\n\t\t\t\t\t\t\t\t<div class=\"img-inner dark\" style=\"margin:-150px 0px 0px 0px;\">\n\t\t\t<img loading=\"lazy\" decoding=\"async\" width=\"1727\" height=\"1558\" src=\"https:\/\/enertecs.com.br\/wp-content\/uploads\/2022\/10\/11anos.png\" class=\"attachment-original size-original\" alt=\"\" srcset=\"https:\/\/enertecs.com.br\/wp-content\/uploads\/2022\/10\/11anos.png 1727w, https:\/\/enertecs.com.br\/wp-content\/uploads\/2022\/10\/11anos-300x271.png 300w, https:\/\/enertecs.com.br\/wp-content\/uploads\/2022\/10\/11anos-1024x924.png 1024w, https:\/\/enertecs.com.br\/wp-content\/uploads\/2022\/10\/11anos-768x693.png 768w, https:\/\/enertecs.com.br\/wp-content\/uploads\/2022\/10\/11anos-1536x1386.png 1536w\" sizes=\"auto, (max-width: 1727px) 100vw, 1727px\" \/>\t\t\t\t\t\t\n\t\t\t\t\t<\/div>\n\t\t\t\t\t\t\t\t\n<style>\n#image_2049590641 {\n  width: 56%;\n}\n<\/style>\n\t<\/div>\n\t\n\t\t<\/div>\n\t\t\t\t\n<style>\n#col-978850353 > .col-inner {\n  padding: 0px 0px 0px 0px;\n  margin: 0px 0px -74px 0px;\n}\n<\/style>\n\t<\/div>\n\n\t\n<\/div>\n<div class=\"row\"  id=\"row-450252956\">\n\n\t<div id=\"col-2068430938\" class=\"col dif1 medium-4 small-12 large-4\"  data-animate=\"bounceInUp\">\n\t\t\t\t<div class=\"col-inner\"  >\n\t\t\t\n\t\t\t\n\n\t\t<div class=\"icon-box featured-box icon-box-center text-center\"  style=\"margin:30px 10px 30px 10px;\">\n\t\t\t\t\t<div class=\"icon-box-img\" style=\"width: 60px\">\n\t\t\t\t<div class=\"icon\">\n\t\t\t\t\t<div class=\"icon-inner\" >\n\t\t\t\t\t\t<img loading=\"lazy\" decoding=\"async\" width=\"300\" height=\"300\" src=\"https:\/\/enertecs.com.br\/wp-content\/uploads\/2021\/08\/Icones_Icone-Pioneirismo-300x300.png\" class=\"attachment-medium size-medium\" alt=\"\" srcset=\"https:\/\/enertecs.com.br\/wp-content\/uploads\/2021\/08\/Icones_Icone-Pioneirismo-300x300.png 300w, https:\/\/enertecs.com.br\/wp-content\/uploads\/2021\/08\/Icones_Icone-Pioneirismo-1024x1024.png 1024w, https:\/\/enertecs.com.br\/wp-content\/uploads\/2021\/08\/Icones_Icone-Pioneirismo-150x150.png 150w, https:\/\/enertecs.com.br\/wp-content\/uploads\/2021\/08\/Icones_Icone-Pioneirismo-768x768.png 768w, https:\/\/enertecs.com.br\/wp-content\/uploads\/2021\/08\/Icones_Icone-Pioneirismo-1536x1536.png 1536w, https:\/\/enertecs.com.br\/wp-content\/uploads\/2021\/08\/Icones_Icone-Pioneirismo.png 1668w\" sizes=\"auto, (max-width: 300px) 100vw, 300px\" \/>\t\t\t\t\t<\/div>\n\t\t\t\t<\/div>\n\t\t\t<\/div>\n\t\t\t\t<div class=\"icon-box-text last-reset\">\n\t\t\t\t\t\t\t\t\t\n\t<div id=\"text-1080077634\" class=\"text\">\n\t\t\n<h3>Experi\u00eancia e qualidade comprovada em mais de<br \/>14 anos no mercado<\/h3>\n<p>Desde 2011 com excelente atendimento e alto n\u00edvel de satisfa\u00e7\u00e3o, comprovando que a Enertecs \u00e9 a sua melhor escolha em geradores no Brasil.<\/p>\n\t\t\n<style>\n#text-1080077634 {\n  font-size: 1.1rem;\n  color: rgb(56, 57, 65);\n}\n#text-1080077634 > * {\n  color: rgb(56, 57, 65);\n}\n<\/style>\n\t<\/div>\n\t\n\t\t<\/div>\n\t<\/div>\n\t\n\t\n\t\t<\/div>\n\t\t\t\t\n<style>\n#col-2068430938 > .col-inner {\n  padding: 10px 10px 10px 10px;\n  border-radius: 8px;\n}\n<\/style>\n\t<\/div>\n\n\t\n\n\t<div id=\"col-1339372432\" class=\"col dif2 medium-4 small-12 large-4\"  data-animate=\"bounceInUp\">\n\t\t\t\t<div class=\"col-inner\"  >\n\t\t\t\n\t\t\t\n\n\t\t<div class=\"icon-box featured-box icon-box-center text-center\"  style=\"margin:30px 10px 30px 10px;\">\n\t\t\t\t\t<div class=\"icon-box-img\" style=\"width: 60px\">\n\t\t\t\t<div class=\"icon\">\n\t\t\t\t\t<div class=\"icon-inner\" >\n\t\t\t\t\t\t<img loading=\"lazy\" decoding=\"async\" width=\"200\" height=\"200\" src=\"https:\/\/enertecs.com.br\/wp-content\/uploads\/2021\/08\/1933887-200-2.png\" class=\"attachment-medium size-medium\" alt=\"\" srcset=\"https:\/\/enertecs.com.br\/wp-content\/uploads\/2021\/08\/1933887-200-2.png 200w, https:\/\/enertecs.com.br\/wp-content\/uploads\/2021\/08\/1933887-200-2-150x150.png 150w\" sizes=\"auto, (max-width: 200px) 100vw, 200px\" \/>\t\t\t\t\t<\/div>\n\t\t\t\t<\/div>\n\t\t\t<\/div>\n\t\t\t\t<div class=\"icon-box-text last-reset\">\n\t\t\t\t\t\t\t\t\t\n\t<div id=\"text-542326217\" class=\"text\">\n\t\t\n<h3>Assist\u00eancia t\u00e9cnica treinada e especializada para atendimento r\u00e1pido<\/h3>\n<p>Assist\u00eancia t\u00e9cnica especializada e pronta pra atender nas principais cidades do Brasil. Trabalhamos com assist\u00eancia preventiva e reativa.<\/p>\n\t\t\n<style>\n#text-542326217 {\n  font-size: 1.1rem;\n  color: rgb(56, 57, 65);\n}\n#text-542326217 > * {\n  color: rgb(56, 57, 65);\n}\n<\/style>\n\t<\/div>\n\t\n\t\t<\/div>\n\t<\/div>\n\t\n\t\n\t\t<\/div>\n\t\t\t\t\n<style>\n#col-1339372432 > .col-inner {\n  padding: 10px 10px 10px 10px;\n  border-radius: 8px;\n}\n<\/style>\n\t<\/div>\n\n\t\n\n\t<div id=\"col-606076853\" class=\"col dif3 medium-4 small-12 large-4\"  data-animate=\"bounceInUp\">\n\t\t\t\t<div class=\"col-inner dark\"  >\n\t\t\t\n\t\t\t\n\n\t\t<div class=\"icon-box featured-box icon-box-center text-center\"  style=\"margin:30px 10px 30px 10px;\">\n\t\t\t\t\t<div class=\"icon-box-img\" style=\"width: 40px\">\n\t\t\t\t<div class=\"icon\">\n\t\t\t\t\t<div class=\"icon-inner\" >\n\t\t\t\t\t\t<img loading=\"lazy\" decoding=\"async\" width=\"200\" height=\"200\" src=\"https:\/\/enertecs.com.br\/wp-content\/uploads\/2021\/08\/iconcoracao.png\" class=\"attachment-medium size-medium\" alt=\"\" srcset=\"https:\/\/enertecs.com.br\/wp-content\/uploads\/2021\/08\/iconcoracao.png 200w, https:\/\/enertecs.com.br\/wp-content\/uploads\/2021\/08\/iconcoracao-150x150.png 150w\" sizes=\"auto, (max-width: 200px) 100vw, 200px\" \/>\t\t\t\t\t<\/div>\n\t\t\t\t<\/div>\n\t\t\t<\/div>\n\t\t\t\t<div class=\"icon-box-text last-reset\">\n\t\t\t\t\t\t\t\t\t\n\t<div id=\"text-2077820612\" class=\"text\">\n\t\t\n<h3>Excel\u00eancia e resolutividade no nosso atendimento aos clientes.<\/h3>\n<p>Nossa equipe, em todos os nossos postos de atendimento, est\u00e3o preparadas para atender todas as demandas com organiza\u00e7\u00e3o e profissionalismo. Foco na resolutividade.\u00a0<\/p>\n\t\t\n<style>\n#text-2077820612 {\n  font-size: 1.1rem;\n}\n<\/style>\n\t<\/div>\n\t\n\t\t<\/div>\n\t<\/div>\n\t\n\t\n\t\t<\/div>\n\t\t\t\t\n<style>\n#col-606076853 > .col-inner {\n  padding: 10px 10px 10px 10px;\n  border-radius: 8px;\n}\n<\/style>\n\t<\/div>\n\n\t\n\n<style>\n#row-450252956 > .col > .col-inner {\n  padding: 8px 8px 8px 8;\n}\n<\/style>\n<\/div>\n\t<section class=\"section\" id=\"section_1277130551\">\n\t\t<div class=\"bg section-bg fill bg-fill  bg-loaded\" >\n\n\t\t\t\n\t\t\t\n\t\t\t\n\n\t\t<\/div>\n\n\t\t<div class=\"section-content relative\">\n\t\t\t\n<div class=\"row\"  id=\"row-379324637\">\n\n\t<div id=\"col-2078387685\" class=\"col small-12 large-12\"  >\n\t\t\t\t<div class=\"col-inner\"  >\n\t\t\t\n\t\t\t\n\t<div id=\"text-2794499381\" class=\"text\">\n\t\t\n<h2>Empresas que confiam na Enertecs<\/h2>\n<p><span style=\"font-size: 80%;\">FA\u00c7A PARTE DA NOSSA CARTEIRA DE CLIENTES E PARCEIROS<\/span><\/p>\n\t\t\n<style>\n#text-2794499381 {\n  font-size: 1.15rem;\n  text-align: center;\n}\n<\/style>\n\t<\/div>\n\t\n\t<div class=\"img has-hover x md-x lg-x y md-y lg-y\" id=\"image_1234089382\">\n\t\t\t\t\t\t\t\t<div class=\"img-inner dark\" >\n\t\t\t<img loading=\"lazy\" decoding=\"async\" width=\"1213\" height=\"107\" src=\"https:\/\/enertecs.com.br\/wp-content\/uploads\/2021\/08\/marcas.png\" class=\"attachment-original size-original\" alt=\"\" srcset=\"https:\/\/enertecs.com.br\/wp-content\/uploads\/2021\/08\/marcas.png 1213w, https:\/\/enertecs.com.br\/wp-content\/uploads\/2021\/08\/marcas-300x26.png 300w, https:\/\/enertecs.com.br\/wp-content\/uploads\/2021\/08\/marcas-1024x90.png 1024w, https:\/\/enertecs.com.br\/wp-content\/uploads\/2021\/08\/marcas-768x68.png 768w\" sizes=\"auto, (max-width: 1213px) 100vw, 1213px\" \/>\t\t\t\t\t\t\n\t\t\t\t\t<\/div>\n\t\t\t\t\t\t\t\t\n<style>\n#image_1234089382 {\n  width: 100%;\n}\n<\/style>\n\t<\/div>\n\t\n\t\t<\/div>\n\t\t\t\t\n<style>\n#col-2078387685 > .col-inner {\n  padding: 72px 0px 30px 0px;\n}\n<\/style>\n\t<\/div>\n\n\t\n<\/div>\n\t\t<\/div>\n\n\t\t\n<style>\n#section_1277130551 {\n  padding-top: 30px;\n  padding-bottom: 30px;\n}\n<\/style>\n\t<\/section>\n\t\n\t<section class=\"section dark has-parallax\" id=\"section_1896518990\">\n\t\t<div class=\"bg section-bg fill bg-fill  \" data-parallax-container=\".section\" data-parallax-background data-parallax=\"-3\">\n\n\t\t\t\n\t\t\t\n\t\t\t\n\n\t\t<\/div>\n\n\t\t<div class=\"section-content relative\">\n\t\t\t\n<div class=\"row\"  id=\"row-762591456\">\n\n\t<div id=\"col-1901606910\" class=\"col medium-6 small-12 large-6\"  >\n\t\t\t\t<div class=\"col-inner\"  >\n\t\t\t\n\t\t\t\n\t<div class=\"img has-hover x md-x lg-x y md-y lg-y\" id=\"image_454121604\">\n\t\t\t\t\t\t<div data-animate=\"bounceInLeft\">\t\t<div class=\"img-inner box-shadow-4-hover dark\" >\n\t\t\t<img loading=\"lazy\" decoding=\"async\" width=\"1000\" height=\"788\" src=\"https:\/\/enertecs.com.br\/wp-content\/uploads\/2021\/08\/assistenciatecnica-1.png\" class=\"attachment-original size-original\" alt=\"\" srcset=\"https:\/\/enertecs.com.br\/wp-content\/uploads\/2021\/08\/assistenciatecnica-1.png 1000w, https:\/\/enertecs.com.br\/wp-content\/uploads\/2021\/08\/assistenciatecnica-1-300x236.png 300w, https:\/\/enertecs.com.br\/wp-content\/uploads\/2021\/08\/assistenciatecnica-1-768x605.png 768w\" sizes=\"auto, (max-width: 1000px) 100vw, 1000px\" \/>\t\t\t\t\t\t\n\t\t\t\t\t<\/div>\n\t\t<\/div>\t\t\t\t\t\t\n<style>\n#image_454121604 {\n  width: 100%;\n}\n<\/style>\n\t<\/div>\n\t\n\t\t<\/div>\n\t\t\t\t\t<\/div>\n\n\t\n\n\t<div id=\"col-1441889010\" class=\"col medium-6 small-12 large-6\"  data-animate=\"bounceInRight\">\n\t\t\t\t<div class=\"col-inner\"  >\n\t\t\t\n\t\t\t\n\t<div id=\"text-1134239488\" class=\"text\">\n\t\t\n<h3><span style=\"font-size: 130%; color: #ff6600;\">Nossa garantia e assist\u00eancia t\u00e9cnica<\/span><\/h3>\n<p>Profissionais s\u00e9rios e capacitados: \u00c9 com pessoas assim que voc\u00ea se relaciona quando contrata o time da Enertecs.<\/p>\n<p>N\u00f3s nos preocupamos com a experi\u00eancia de nossos clientes, do momento da compra at\u00e9 nos momentos de poss\u00edveis dificuldades. Estamos prontos pra realizar a melhor, mais r\u00e1pida e mais segura assist\u00eancia t\u00e9cnica do Brasil.<\/p>\n<p><span style=\"font-size: 120%;\"><strong>Comprove nossa qualidade. Fale com nosso time!<\/strong><\/span><\/p>\n\t\t\n<style>\n#text-1134239488 {\n  font-size: 1.1rem;\n  line-height: 1.7;\n}\n<\/style>\n\t<\/div>\n\t\n\t<div id=\"gap-1070729441\" class=\"gap-element clearfix\" style=\"display:block; height:auto;\">\n\t\t\n<style>\n#gap-1070729441 {\n  padding-top: 37px;\n}\n<\/style>\n\t<\/div>\n\t\n<a href=\"https:\/\/enertecs.com.br\/index.php\/fale-com-a-gente\/\" target=\"_self\" class=\"button primary is-xlarge\"  style=\"border-radius:10px;\">\n    <span>Fale com nossos especialistas<\/span>\n  <\/a>\n\n\t\t<\/div>\n\t\t\t\t\t<\/div>\n\n\t\n<\/div>\n\t\t<\/div>\n\n\t\t\n<style>\n#section_1896518990 {\n  padding-top: 52px;\n  padding-bottom: 52px;\n  background-color: rgb(49, 45, 47);\n}\n#section_1896518990 .section-bg.bg-loaded {\n  background-image: url(https:\/\/enertecs.com.br\/wp-content\/uploads\/2021\/08\/bg_div.jpg);\n}\n<\/style>\n\t<\/section>\n\t\n\n","protected":false},"excerpt":{"rendered":"","protected":false},"author":1,"featured_media":0,"parent":0,"menu_order":0,"comment_status":"closed","ping_status":"closed","template":"page-transparent-header-light.php","meta":{"_monsterinsights_skip_tracking":false,"_monsterinsights_sitenote_active":false,"_monsterinsights_sitenote_note":"","_monsterinsights_sitenote_category":0,"footnotes":""},"class_list":["post-25","page","type-page","status-publish","hentry"],"_links":{"self":[{"href":"https:\/\/enertecs.com.br\/index.php\/wp-json\/wp\/v2\/pages\/25","targetHints":{"allow":["GET"]}}],"collection":[{"href":"https:\/\/enertecs.com.br\/index.php\/wp-json\/wp\/v2\/pages"}],"about":[{"href":"https:\/\/enertecs.com.br\/index.php\/wp-json\/wp\/v2\/types\/page"}],"author":[{"embeddable":true,"href":"https:\/\/enertecs.com.br\/index.php\/wp-json\/wp\/v2\/users\/1"}],"replies":[{"embeddable":true,"href":"https:\/\/enertecs.com.br\/index.php\/wp-json\/wp\/v2\/comments?post=25"}],"version-history":[{"count":124,"href":"https:\/\/enertecs.com.br\/index.php\/wp-json\/wp\/v2\/pages\/25\/revisions"}],"predecessor-version":[{"id":294,"href":"https:\/\/enertecs.com.br\/index.php\/wp-json\/wp\/v2\/pages\/25\/revisions\/294"}],"wp:attachment":[{"href":"https:\/\/enertecs.com.br\/index.php\/wp-json\/wp\/v2\/media?parent=25"}],"curies":[{"name":"wp","href":"https:\/\/api.w.org\/{rel}","templated":true}]}}